NOAA-Style Climate Reports

Select a Year or Month report
2017: Jan Feb Mar Apr May Jun Jul Aug Sep Oct Nov Dec
2016: Jan Feb Mar Apr May Jun Jul Aug Sep Oct Nov Dec

Report for 2017 September
                   Monthly Climatological Summary for Sep 2017

Name: www.apcat.org   City: Carriage Hills, Boulder County   State: Colorado
Elevation: 6660 ft  Lat: N 40 03 55   Lon: W 105 19 36

                  Temperature (°F), Rain (in), Wind Speed (mph)

                                      Heat  Cool        Avg
    Mean                              Deg   Deg         Wind                 Dom
Day Temp  High   Time   Low    Time   Days  Days  Rain  Speed High   Time    Dir
----------------------------------------------------------------------------------
01  71.0  81.9   12:00  60.4   02:59   0.0  52.7  0.00   1.7  21.0   12:33     E
02  73.2  84.5   14:47  61.7   06:38   0.0  54.9  0.00   1.1  13.0   16:22     E
03  80.7  92.2   13:02  69.4   02:25   0.0  62.4  0.00   2.4  18.0   13:42     W
04  72.9  90.6   12:15  59.5   23:16   0.0  54.6  0.00   1.8  20.0   15:21    NW
05  57.3  65.9   14:28  51.5   07:44   0.0  39.0  0.00   1.2  11.0   02:16   ESE
06  62.5  74.8   14:17  50.6   06:47   0.0  44.2  0.00   1.0  11.0   14:03     E
07  68.4  80.4   14:16  57.1   05:02   0.0  50.1  0.00   1.3  12.0   12:56   ESE
08  69.0  78.7   12:28  58.5   05:31   0.0  50.7  0.00   1.1  12.0   15:08     E
09  74.3  88.9   12:16  64.9   02:47   0.0  56.0  0.00   1.6  19.0   15:29     E
10  73.3  86.2   14:13  66.4   02:58   0.0  55.0  0.00   1.9  19.0   16:25   ESE
11  70.2  80.6   13:48  65.7   22:10   0.0  51.9  0.01   0.6  14.0   13:55     E
12  74.4  85.8   12:20  65.2   04:29   0.0  56.1  0.00   1.5  12.0   12:26   ESE
13  72.5  85.8   13:48  64.5   23:02   0.0  54.1  0.03   1.1  13.0   07:27   WNW
14  71.2  85.4   13:15  62.9   23:55   0.0  53.0  0.00   1.9  22.0   14:00    NW
15  65.3  79.0   14:02  50.5   23:58   0.0  47.0  0.18   2.0  20.0   21:09     E
16  49.5  55.3   14:48  45.1   04:38   0.0  31.2  0.03   0.3   8.0   11:28     E
17  55.5  64.5   12:11  46.0   06:22   0.0  37.2  0.01   1.1  12.0   13:28     E
18  65.3  78.2   13:26  52.9   02:45   0.0  47.0  0.00   1.8  17.0   12:10     E
19  66.2  83.1   13:07  46.5   23:58   0.0  47.9  0.00   2.1  25.0   18:30   ENE
20  55.3  68.4   13:59  41.6   04:38   0.0  37.0  0.00   1.1  13.0   14:36     E
21  68.9  81.5   14:12  56.0   03:29   0.0  50.7  0.00   1.4  17.0   13:28     E
----------------------------------------------------------------------------------
    67.5  92.2     3    41.6    20     0.01032.7  0.26   1.4  25.0    19       E

Max >=  27.0 21
Max <=   0.0  0
Min <=   0.0  0
Min <= -18.0  0
Max Rain: 0.18 on day 15
Days of Rain: 0 (>= 0.20 in)  0 (>= 2.00 in)  0 (>= 20.00 in)
Heat Base: 18.3  Cool Base: 18.3  Method: Integration